?
False
Is 8039 a prime number?
True
Is 27733 a prime number?
True
Is 1515643 composite?
False
Is 9551 composite?
False
Is 17033 a prime number?
True
Is 264507 a prime number?
False
Is 64711 composite?
True
Is 13381 a prime number?
True
Is 1261477 prime?
False
Is 95591 a composite number?
True
Is 20231 prime?
True
Is 15991 a composite number?
False
Is 135483 prime?
False
Is 11351 prime?
True
Is 4007 a composite number?
False
Is 22459 prime?
False
Is 2309 composite?
False
Is 167809 a composite number?
False
Is 5353 composite?
True
Is 3313 composite?
False
Is 2149 a composite number?
True
Is 7901 composite?
False
Is 25561 composite?
False
Is 188809 prime?
False
Is 3755945 composite?
True
Is 12271 composite?
True
Is 135977 composite?
False
Is 109661 prime?
True
Is 22367 a composite number?
False
Is 3377 prime?
False
Is 8057 composite?
True
Is 77953 prime?
False
Is 262299 prime?
False
Is 108802 a composite number?
True
Is 1434521 prime?
False
Is 50441 composite?
False
Is 14939 prime?
True
Is 698171 composite?
False
Is 222587 composite?
False
Is 31907 a composite number?
False
Is 82769 a prime number?
False
Is 24623 prime?
True
Is 362657 prime?
True
Is 28429 a composite number?
False
Is 93229 composite?
False
Is 8621 a prime number?
False
Is 355777 composite?
False
Is 142853 a composite number?
True
Is 1949 prime?
True
Is 32743 composite?
True
Is 10279 prime?
False
Is 16619 a prime number?
True
Is 221579 a composite number?
True
Is 218765 a prime number?
False
Is 2103743 a prime number?
True
Is 77969 a prime number?
True
Is 25183 a composite number?
False
Is 384817 prime?
True
Is 3989 a composite number?
False
Is 288349 a prime number?
True
Is 1606991 composite?
False
Is 22201 prime?
False
Is 35817 prime?
False
Is 190273 prime?
False
Is 5941 prime?
False
Is 6469 prime?
True
Is 1242859 composite?
False
Is 396679 a prime number?
True
Is 502 prime?
False
Is 26083 a composite number?
False
Is 306083 a composite number?
False
Is 10799 composite?
False
Is 1111235 prime?
False
Is 8923 a composite number?
False
Is 121853 composite?
False
Is 2246989 a composite number?
True
Is 22255 a prime number?
False
Is 10903 composite?
False
Is 529 prime?
False
Is 44711 composite?
False
Is 103451 prime?
True
Is 10099 a composite number?
False
Is 275813 a composite number?
False
Is 68645 a prime number?
False
Is 115999 a prime number?
False
Is 20569 a prime number?
False
Is 528223 prime?
True
Is 5489 composite?
True
Is 3611771 prime?
True
Is 115963 composite?
False
Is 212627 composite?
False
Is 31483 a prime number?
False
Is 145021 a prime number?
True
Is 3607 a prime number?
True
Is 349045 a composite number?
True
Is 184849 prime?
False
Is 21911 a prime number?
True
Is 961 a composite number?
True
Is 132901 a prime number?
False
Is 7861 a prime number?
False
Is 8605 prime?
False
Is 33049 a prime number?
True
Is 195961 prime?
False
Is 6469 a composite number?
False
Is 20269 a prime number?
True
Is 89561 a composite number?
False
Is 13771 a composite number?
True
Is 382709 a prime number?
True
Is 4227 prime?
False
Is 227793 composite?
True
Is 505409 prime?
True
Is 120149 composite?
True
Is 44351 a prime number?
True
Is 33563 prime?
True
Is 105883 composite?
False
Is 132911 a composite number?
False
Is 144401 composite?
True
Is 11957 prime?
False
Is 799031 a composite number?
False
Is 497957 a composite number?
False
Is 4759 a prime number?
True
Is 22511 a composite number?
False
Is 74219 a prime number?
True
Is 18013 a prime number?
True
Is 454663 a prime number?
False
Is 18119 a composite number?
False
Is 4187 composite?
True
Is 212701 a composite number?
False
Is 13853 prime?
False
Is 2049805 a composite number?
True
Is 301341 a composite number?
True
Is 79967 composite?
False
Is 76207 a composite number?
False
Is 54163 prime?
True
Is 3989 prime?
True
Is 15901 prime?
True
Is 595817 a composite number?
False
Is 51971 composite?
False
Is 1839 composite?
True
Is 2650611 a composite number?
True
Is 56857 a prime number?
True
Is 3749 a prime number?
False
Is 304331 a composite number?
False
Is 3521 a prime number?
False
Is 63347 a composite number?
False
Is 17671 a composite number?
True
Is 266351 composite?
False
Is 42061 a composite number?
False
Is 242723 a prime number?
False
Is 22807 composite?
False
Is 41803 a prime number?
False
Is 2063 composite?
False
Is 84503 a prime number?
True
Is 7715 a composite number?
True
Is 12323 prime?
True
Is 88721 a composite number?
False
Is 30881 a prime number?
True
Is 2887 a prime number?
True
Is 9094 prime?
False
Is 928903 a composite number?
False
Is 2669 a composite number?
True
Is 471749 a composite number?
False
Is 1795 a prime number?
False
Is 32561 a composite number?
False
Is 191305 a composite number?
True
Is 2099 a prime number?
True
Is 4642361 prime?
True
Is 33931 composite?
False
Is 37217 a prime number?
True
Is 22601 composite?
True
Is 9838 a prime number?
False
Is 30931 composite?
False
Is 140111 prime?
True
Is 285661 a prime number?
True
Is 2117389 composite?
False
Is 20209 composite?
True
Is 6374 prime?
False
Is 5042 composite?
True
Is 7061 composite?
True
Is 19977 prime?
False
Is 9493 prime?
False
Is 1431407 a composite number?
True
Is 125359 a composite number?
True
Is 62171 composite?
False
Is 286837 composite?
True
Is 63043 prime?
False
Is 10589 prime?
True
Is 8661 a prime number?
False
Is 205681 a prime number?
False
Is 92119 prime?
True
Is 72773 prime?
False
Is 16447 prime?
True
Is 4666859 prime?
False
Is 17923 a prime number?
True
Is 1573301 a composite number?
False
Is 10497 prime?
False
Is 11901 prime?
False
Is 1751065 prime?
False
Is 1529 prime?
False
Is 79181 a composite number?
False
Is 669329 a composite number?
False
Is 70351 a composite number?
False
Is 893 a composite number?
True
Is 164147 a composite number?
False
Is 461293 prime?
False
Is 3641 a prime number?
False
Is 17609 prime?
True
Is 4063 a prime number?
False
Is 3781 prime?
False
Is 21647 a composite number?
False
Is 42629 prime?
False
Is 4663 composite?
False
Is 42337 a prime number?
True
Is 226483 a composite number?
False
Is 4151 a composite number?
True
Is 211927 a composite number?
False
Is 15859 composite?
False
Is 333415 a prime number?
False
Is 19111 composite?
True
Is 215071 a composite number?
True
Is 2326295 a composite number?
True
Is 7133 prime?
False
Is 1171 composite?
False
Is 20469 a composite number?
True
Is 373889 composite?
True
Is 30377 a prime number?
False
Is 263609 prime?
True
Is 155731 prime?
True
Is 573247 a composite number?
False
Is 4099 prime?
True
Is 30757 prime?
True
Is 19919 a prime number?
True
Is 8053 prime?
True
Is 9491 a composite number?
False
Is 3440181 composite?
True
Is 12401 a composite number?
False
Is 40213 a prime number?
True
Is 36887 prime?
True
Is 123559 composite?
True
Is 14621 a composite number?
False
Is 2999 a composite number?
False
Is 156521 a composite number?
False
Is 88429 prime?
False
Is 177673 a prime number?
False
Is 322649 composite?
False
Is 189127 a composite number?
False
Is 287 a prime number?
False
Is 11497 prime?
True
Is 13751 prime?
True
Is 1788779 a composite number?
True
Is 29473 prime?
True
Is 3623 a composite number?
False
Is 9029 a prime number?
True
Is 7057 composite?
False
Is 919189 prime?
True
Is 256569 composite?
True
Is 12071 a composite number?
False
Is 5323 composite?
False
Is 88993 composite?
False
Is 88289 prime?
True
Is 11549 prime?
True
Is 283799 composite?
False
Is 1967501 composite?
False
Is 32251 a prime number?
True
Is 28007 composite?
True
Is 46327 composite?
False
Is 143347 a composite number?
True
Is 21817 a composite number?
False
Is 61177 a prime number?
False
Is 249311 a composite number?
False
Is 632105 prime?
False
Is 3251 a composite number?
False
Is 49849 prime?
False
Is 3973 composite?
True
Is 97793 a prime number?
False
Is 581285 prime?
False
Is 1808929 a prime number?
False
Is 9151 a prime number?
True
Is 478613 a prime number?
False
Is 1547447 a composite number?
True
Is 363257 composite?
False
Is 8651 a prime number?
False
Is 12401 composite?
False
Is 128549 prime?
True
Is 727541 composite?
False
Is 1693873 prime?
False
Is 139133 a composite number?
False
Is 573 a composite number?
True
Is 1811321 a composite number?
False
Is 48567 a comp